t the prime factors of 32492398.
2, 16246199
What are the prime factors of 50938983?
3, 31, 60859
List the prime factors of 2464912951.
31, 43, 1849147
What are the prime factors of 31860525?
3, 5, 181, 2347
What are the prime factors of 261245342?
2, 130622671
What are the prime factors of 33005193?
3, 13, 65099
What are the prime factors of 32740065?
3, 5, 242519
What are the prime factors of 77227465?
5, 7, 2206499
What are the prime factors of 4715366729?
4715366729
What are the prime factors of 82575199?
7, 269, 43853
What are the prime factors of 2751787714?
2, 13, 61, 1735049
List the prime factors of 146393256.
2, 3, 17, 223, 1609
What are the prime factors of 4288647307?
7, 17, 36039053
What are the prime factors of 293238042?
2, 3, 199, 245593
List the prime factors of 8232632.
2, 331, 3109
What are the prime factors of 25613302?
2, 11, 13, 83
List the prime factors of 4696822.
2, 13, 180647
List the prime factors of 69910076.
2, 17477519
List the prime factors of 208584072.
2, 3, 321889
What are the prime factors of 190745038?
2, 11, 41, 211469
List the prime factors of 160515164.
2, 41, 53, 59, 313
What are the prime factors of 838448417?
23, 139, 262261
List the prime factors of 87864947.
87864947
List the prime factors of 1490934456.
2, 3, 11, 379, 4967
List the prime factors of 1490632546.
2, 13, 457, 125453
What are the prime factors of 111489405?
3, 5, 47, 158141
What are the prime factors of 16586875?
5, 26539
What are the prime factors of 250145599?
11, 17, 121607
List the prime factors of 507310583.
13, 17, 19, 120817
What are the prime factors of 184472041?
13, 31, 167, 2741
What are the prime factors of 972881835?
3, 5, 31, 283, 7393
List the prime factors of 3783508.
2, 19, 49783
List the prime factors of 5784570.
2, 3, 5, 11, 5843
List the prime factors of 1165070994.
2, 3, 19, 59, 173219
List the prime factors of 85157076.
2, 3, 97, 149, 491
List the prime factors of 124449524.
2, 73, 426197
What are the prime factors of 241617260?
2, 5, 17, 71, 10009
What are the prime factors of 7227450975?
3, 5, 17, 557, 10177
What are the prime factors of 435087036?
2, 3, 3323, 3637
What are the prime factors of 7554756074?
2, 13339, 283183
List the prime factors of 82480704.
2, 3, 429587
What are the prime factors of 27675003?
3, 23, 401087
List the prime factors of 124925202.
2, 3, 6940289
List the prime factors of 107526328.
2, 7, 13, 127, 1163
What are the prime factors of 709593044?
2, 53, 941, 3557
List the prime factors of 165471048.
2, 3, 2298209
What are the prime factors of 169857953?
47, 3613999
What are the prime factors of 64676623?
11, 5879693
List the prime factors of 931262655.
3, 5, 103, 602759
List the prime factors of 958549116.
2, 3, 7, 229, 49831
List the prime factors of 3572293430.
2, 5, 357229343
List the prime factors of 46481779.
46481779
What are the prime factors of 5078647956?
2, 3, 43, 199, 49459
List the prime factors of 114354484.
2, 28588621
List the prime factors of 2584575484.
2, 17, 38008463
What are the prime factors of 130242513?
3, 43414171
What are the prime factors of 1215709947?
3, 135078883
List the prime factors of 34178944.
2, 257, 1039
List the prime factors of 288094221.
3, 643, 49783
List the prime factors of 259219497.
3, 251, 344249
What are the prime factors of 4809826404?
2, 3, 43, 47, 66109
What are the prime factors of 242038260?
2, 3, 5, 439, 1021
What are the prime factors of 163437915?
3, 5, 17, 640933
What are the prime factors of 3456627986?
2, 7, 17, 37, 392531
What are the prime factors of 70536826?
2, 35268413
List the prime factors of 1366444425.
3, 5, 59, 308801
List the prime factors of 459695947.
89, 5165123
List the prime factors of 2541138921.
3, 1447, 195127
What are the prime factors of 2658283659?
3, 17, 17374403
List the prime factors of 7090568.
2, 31, 28591
List the prime factors of 155883512.
2, 23, 847193
List the prime factors of 212900285.
5, 13, 19381
List the prime factors of 196102605.
3, 5, 127, 311, 331
What are the prime factors of 342586957?
15193, 22549
List the prime factors of 621062807.
621062807
List the prime factors of 37907382.
2, 3, 17, 59, 6299
List the prime factors of 3303580235.
5, 587, 1125581
What are the prime factors of 431986769?
431986769
List the prime factors of 1871145138.
2, 3, 563, 553921
List the prime factors of 765278778.
2, 3, 11, 199, 5297
List the prime factors of 1024010195.
5, 13, 59, 267017
What are the prime factors of 33004945?
5, 6600989
What are the prime factors of 1252938769?
1252938769
List the prime factors of 809578389.
3, 37, 1597, 4567
List the prime factors of 756282214.
2, 378141107
What are the prime factors of 3123572175?
3, 5, 97, 167, 857
List the prime factors of 426938034.
2, 3, 17, 769, 5443
List the prime factors of 118434731.
118434731
List the prime factors of 268961796.
2, 3, 19, 43691
List the prime factors of 59275254.
2, 3, 9879209
List the prime factors of 402280614.
2, 3, 31, 47, 5113
What are the prime factors of 132921125?
5, 499, 2131
What are the prime factors of 2996998035?
3, 5, 199799869
List the prime factors of 269003350.
2, 5, 7, 11, 107, 653
List the prime factors of 284919134.
2, 142459567
List the prime factors of 46076456.
2, 41, 140477
What are the prime factors of 256167727?
43, 5957389
List the prime factors of 525969365.
5, 59, 1782947
What are the prime factors of 85637210?
2, 5, 947, 9043
List the prime factors of 2132799152.
2, 11, 12118177
List the prime factors of 739117362.
2, 3, 123186227
List the prime factors of 3146565070.
2, 5, 11, 2600467
List the prime factors of 1255604316.
2, 3, 23, 4549291
What are the prime factors of 1317915855?
3, 5, 29287019
What are the prime factors of 397554322?
2, 11, 3079, 5869
List the prime factors of 286184506.
2, 137, 229, 4561
What are the prime factors of 22617666?
2, 3, 83, 15139
List the prime factors of 170526902.
2, 7, 13, 29, 32309
List the prime factors of 523576658.
2, 11, 557, 42727
What are the prime factors of 1568696653?
29389, 53377
List the prime factors of 5879148.
2, 3, 11, 4049
List the prime factors of 4831122285.
3, 5, 11, 23, 47149
List the prime factors of 1639739382.
2, 3, 43, 89, 71411
List the prime factors of 84423629.
84423629
List the prime factors of 31077071.
17, 23, 79481
List the prime factors of 64221402.
2, 3, 7, 1529081
List the prime factors of 265199102.
2, 7, 1823, 10391
List the prime factors of 183813745.
5, 29, 1267681
What are the prime factors of 79047292?
2, 151, 130873
What are the prime factors of 785391822?
2, 3, 37, 67, 5867
What are the prime factors of 1198276621?
229, 401, 13049
List the prime factors of 2036889728.
2, 163, 233, 419
What are the prime factors of 257206645?
5, 113, 455233
List the prime factors of 729358286.
2, 16553, 22031
What are the prime factors of 359614273?
19, 18927067
What are the prime factors of 27301810?
2, 5, 2730181
List the prime factors of 1902334479.
3, 461, 1375513
List the prime factors of 25425080.
2, 5, 563, 1129
What are the prime factors of 1533981107?
1533981107
List the prime factors of 1164450380.
2, 5, 47, 593, 2089
What are the prime factors of 184906345?
5, 13, 2844713
List the prime factors of 506342878.
2, 253171439
List the prime factors of 1136747071.
89, 811, 15749
What are the prime factors of 165905526?
2, 3, 349, 79229
List the prime factors of 4012745.
5, 11, 72959
What are the prime factors of 2086404375?
3, 5, 11, 101159
What are the prime factors of 84530277?
3, 13, 73, 3299
List the prime factors of 6299452256.
2, 1877, 104879
What are the prime factors of 127802365?
5, 25560473
List the prime factors of 247611402.
2, 3, 419, 32831
What are the prime factors of 549169066?
2, 3347, 82039
What are the prime factors of 350082158?
2, 73, 2397823
List the prime factors of 1886710933.
31, 439, 138637
List the prime factors of 198751848.
2, 3, 29, 43, 229
List the prime factors of 34373934.
2, 3, 7, 272809
List the prime factors of 288823480.
2, 5, 11, 37, 113, 157
List the prime factors of 8229285.
3, 5, 23, 7951
List the prime factors of 175767651.
3, 19, 6011
List the prime factors of 162124725.
3, 5, 7, 308809
What are the prime factors of 957656503?
957656503
What are the prime factors of 234052091?
7, 13, 2572001
